{"id":4,"date":"2010-11-23T17:14:34","date_gmt":"2010-11-23T20:14:34","guid":{"rendered":"http:\/\/www.derechoenaccion.com.ar\/?page_id=4"},"modified":"2019-09-23T18:26:14","modified_gmt":"2019-09-23T21:26:14","slug":"inicio","status":"publish","type":"page","link":"https:\/\/delpinocardenas.com.ar\/?page_id=4","title":{"rendered":"Inicio"},"content":{"rendered":"<p><strong><br \/>\nBienvenidos<\/strong><\/p>\n<p><strong>Derecho en Acci\u00f3n<\/strong> es el estudio jur\u00eddico de la <strong>Dra. Maribel Del Pino C\u00e1rdenas<\/strong> <strong>y profesionales asociados<\/strong>.<\/p>\n<p>La<strong> Dra. Del Pino C\u00e1rdenas<\/strong> posee m\u00e1s de 20 a\u00f1os de experiencia en el \u00e1rea del Derecho de Seguridad Social. Se desempe\u00f1\u00f3 en distintas empresas administradores de fondos de jubilaciones y pensiones. Posteriormente trabaj\u00f3 como abogada en consultoras especializadas y cajas de previsi\u00f3n. Actualmente se desempe\u00f1a en la profesi\u00f3n en forma independiente. Ha coordinado y brindado cursos de capacitaci\u00f3n en la Comisi\u00f3n de Seguridad Social del Colegio P\u00fablico de Abogados de la Capital Federal, en Grupo Professional, Or\u00edgenes AFJP y en forma independiente.<\/p>\n<p>Es un estudio que cuenta con un grupo de profesionales que ofrece brindarle servicios jur\u00eddicos de alta calidad y eficiencia para resolver problemas que tenga en los momentos m\u00e1s importantes de su vida personal, laboral y empresarial.<\/p>\n<p>Brindamos un tratamiento personalizado con \u00e9tica profesional y calidez humana.<\/p>\n<p>Nos especializamos\u00a0 en el \u00e1mbito del <strong>Derecho del\u00a0Trabajo y la Seguridad Social<\/strong> tomando como pilar fundamental el respeto a la dignidad humana.<\/p>\n<p>Todo lo rese\u00f1ado no excluye nuestro conocimiento integral de todo el Derecho dada la interrelaci\u00f3n existente entre todas las normas y herramientas del Sistema Jur\u00eddico Argentino e Internacional.<\/p>\n","protected":false},"excerpt":{"rendered":"<p>Bienvenidos Derecho en Acci\u00f3n es el estudio jur\u00eddico de la Dra. Maribel Del Pino C\u00e1rdenas y profesionales asociados. La Dra. Del Pino C\u00e1rdenas posee m\u00e1s de 20 a\u00f1os de experiencia en el \u00e1rea del Derecho de Seguridad Social. Se desempe\u00f1\u00f3 en distintas empresas administradores de fondos de jubilaciones y pensiones. Posteriormente trabaj\u00f3 como abogada en <span class=\"ellipsis\">&hellip;<\/span> <span class=\"more-link-wrap\"><a href=\"https:\/\/delpinocardenas.com.ar\/?page_id=4\" class=\"more-link\"><span>Continue Reading<\/span><\/a><\/span><\/p>\n","protected":false},"author":1,"featured_media":0,"parent":0,"menu_order":0,"comment_status":"closed","ping_status":"closed","template":"","meta":[],"_links":{"self":[{"href":"https:\/\/delpinocardenas.com.ar\/index.php?rest_route=\/wp\/v2\/pages\/4"}],"collection":[{"href":"https:\/\/delpinocardenas.com.ar\/index.php?rest_route=\/wp\/v2\/pages"}],"about":[{"href":"https:\/\/delpinocardenas.com.ar\/index.php?rest_route=\/wp\/v2\/types\/page"}],"author":[{"embeddable":true,"href":"https:\/\/delpinocardenas.com.ar\/index.php?rest_route=\/wp\/v2\/users\/1"}],"replies":[{"embeddable":true,"href":"https:\/\/delpinocardenas.com.ar\/index.php?rest_route=%2Fwp%2Fv2%2Fcomments&post=4"}],"version-history":[{"count":18,"href":"https:\/\/delpinocardenas.com.ar\/index.php?rest_route=\/wp\/v2\/pages\/4\/revisions"}],"predecessor-version":[{"id":631,"href":"https:\/\/delpinocardenas.com.ar\/index.php?rest_route=\/wp\/v2\/pages\/4\/revisions\/631"}],"wp:attachment":[{"href":"https:\/\/delpinocardenas.com.ar\/index.php?rest_route=%2Fwp%2Fv2%2Fmedia&parent=4"}],"curies":[{"name":"wp","href":"https:\/\/api.w.org\/{rel}","templated":true}]}}